s the remainder when 642 is divided by 161?
159
Calculate the remainder when 5584 is divided by 6.
4
Calculate the remainder when 719 is divided by 236.
11
What is the remainder when 95 is divided by 92?
3
Calculate the remainder when 78 is divided by 46.
32
What is the remainder when 265 is divided by 65?
5
Calculate the remainder when 1072 is divided by 1061.
11
What is the remainder when 254 is divided by 146?
108
Calculate the remainder when 585 is divided by 25.
10
What is the remainder when 765 is divided by 12?
9
What is the remainder when 2051 is divided by 79?
76
What is the remainder when 557 is divided by 43?
41
Calculate the remainder when 214 is divided by 199.
15
What is the remainder when 255 is divided by 61?
11
What is the remainder when 86 is divided by 14?
2
Calculate the remainder when 484 is divided by 29.
20
What is the remainder when 175 is divided by 56?
7
What is the remainder when 663 is divided by 18?
15
What is the remainder when 1762 is divided by 19?
14
Calculate the remainder when 323 is divided by 161.
1
Calculate the remainder when 154 is divided by 29.
9
What is the remainder when 137 is divided by 91?
46
What is the remainder when 1249 is divided by 114?
109
Calculate the remainder when 234 is divided by 79.
76
What is the remainder when 181 is divided by 104?
77
Calculate the remainder when 2937 is divided by 109.
103
Calculate the remainder when 107 is divided by 23.
15
Calculate the remainder when 232 is divided by 204.
28
Calculate the remainder when 2089 is divided by 3.
1
Calculate the remainder when 1554 is divided by 313.
302
Calculate the remainder when 58 is divided by 43.
15
What is the remainder when 296 is divided by 60?
56
Calculate the remainder when 304 is divided by 13.
5
What is the remainder when 190 is divided by 50?
40
What is the remainder when 31 is divided by 25?
6
Calculate the remainder when 42839 is divided by 60.
59
What is the remainder when 31 is divided by 20?
11
Calculate the remainder when 153 is divided by 39.
36
What is the remainder when 109 is divided by 104?
5
Calculate the remainder when 631 is divided by 49.
43
What is the remainder when 309 is divided by 22?
1
Calculate the remainder when 419 is divided by 38.
1
What is the remainder when 1298 is divided by 10?
8
What is the remainder when 402 is divided by 102?
96
Calculate the remainder when 91 is divided by 31.
29
Calculate the remainder when 6612 is divided by 661.
2
What is the remainder when 94 is divided by 64?
30
Calculate the remainder when 3653 is divided by 30.
23
What is the remainder when 45 is divided by 25?
20
What is the remainder when 142 is divided by 12?
10
Calculate the remainder when 991 is divided by 263.
202
What is the remainder when 96 is divided by 34?
28
What is the remainder when 1010 is divided by 39?
35
Calculate the remainder when 6457 is divided by 68.
65
What is the remainder when 764 is divided by 110?
104
What is the remainder when 3234 is divided by 60?
54
What is the remainder when 302 is divided by 61?
58
Calculate the remainder when 3212 is divided by 67.
63
What is the remainder when 250 is divided by 48?
10
Calculate the remainder when 838 is divided by 10.
8
What is the remainder when 121 is divided by 4?
1
What is the remainder when 446 is divided by 28?
26
What is the remainder when 14 is divided by 9?
5
Calculate the remainder when 150 is divided by 54.
42
What is the remainder when 87 is divided by 5?
2
Calculate the remainder when 13045 is divided by 75.
70
What is the remainder when 2238 is divided by 1118?
2
What is the remainder when 1561 is divided by 368?
89
Calculate the remainder when 1321 is divided by 251.
66
What is the remainder when 263 is divided by 11?
10
What is the remainder when 538 is divided by 18?
16
What is the remainder when 1533 is divided by 753?
27
Calculate the remainder when 4840 is divided by 47.
46
Calculate the remainder when 3616 is divided by 67.
65
What is the remainder when 42 is divided by 30?
12
What is the remainder when 1735 is divided by 58?
53
Calculate the remainder when 452 is divided by 17.
10
What is the remainder when 4459 is divided by 636?
7
Calculate the remainder when 39778 is divided by 18.
16
What is the remainder when 178 is divided by 92?
86
Calculate the remainder when 897 is divided by 12.
9
Calculate the remainder when 462 is divided by 52.
46
What is the remainder when 864 is divided by 43?
4
What is the remainder when 461 is divided by 85?
36
Calculate the remainder when 504 is divided by 152.
48
What is the remainder when 4089 is divided by 124?
121
What is the remainder when 494 is divided by 181?
132
Calculate the remainder when 6860 is divided by 44.
40
Calculate the remainder when 318 is divided by 44.
10
What is the remainder when 326 is divided by 15?
11
What is the remainder when 5996 is divided by 25?
21
What is the remainder when 635 is divided by 204?
23
What is the remainder when 599 is divided by 173?
80
What is the remainder when 97 is divided by 76?
21
What is the remainder when 21596 is divided by 69?
68
What is the remainder when 83 is divided by 26?
5
What is the remainder when 493 is divided by 165?
163
Calculate the remainder when 1364 is divided by 278.
252
Calculate the remainder when 1938 is divided by 20.
18
What is the remainder when 262 is divided by 90?
82
Calculate the remainder when 80 is divided by 70.
10
What is the remainder when 79 is divided by 32?
15
What is the remainder when 157 is divided by 22?
3
Calculate the remainder when 194 is divided by 7.
5
Calculate the remainder when 185 is divided by 94.
91
Calculate the remainder when 98 is divided by 26.
20
Calculate the remainder when 96 is divided by 25.
21
Calculate the remainder when 40578 is divided by 4.
2
What is the remainder when 2062 is divided by 265?
207
What is the remainder when 73 is divided by 32?
9
What is the remainder when 2647 is divided by 10?
7
Calculate the remainder when 206 is divided by 195.
11
What is the remainder when 445 is divided by 18?
13
Calculate the remainder when 7358 is divided by 92.
90
What is the remainder when 84 is divided by 35?
14
What is the remainder when 745 is divided by 5?
0
What is the remainder when 5076 is divided by 13?
6
Calculate the remainder when 15873 is divided by 14.
11
What is the remainder when 956 is divided by 949?
7
What is the remainder when 2077 is divided by 122?
3
What is the remainder when 74 is divided by 19?
17
Calculate the remainder when 113 is divided by 62.
51
What is the remainder when 17 is divided by 10?
7
What is the remainder when 887 is divided by 91?
68
Calculate the remainder when 131 is divided by 19.
17
What is the remainder when 40 is divided by 30?
10
Calculate the remainder when 222 is divided by 81.
60
What is the remainder when 66 is divided by 15?
6
What is the remainder when 382 is divided by 12?
10
Calculate the remainder when 95 is divided by 36.
23
Calculate the remainder when 234 is divided by 65.
39
Calculate the remainder when 362 is divided by 33.
32
Calculate the remainder when 143 is divided by 132.
11
What is the remainder when 346 is divided by 143?
60
Calculate the remainder when 269 is divided by 1.
0
Calculate the remainder when 272 is divided by 33.
8
Calculate the remainder when 216 is divided by 60.
36
What is the remainder when 1642 is divided by 47?
44
What is the remainder when 912 is divided by 229?
225
What is the remainder when 599 is divided by 154?
137
What is the remainder when 25023 is divided by 136?
135
What is the remainder when 417 is divided by 406?
11
What is the remainder when 732 is divided by 35?
32
What is the remainder when 1072 is divided by 25?
22
What is the remainder when 389 is divided by 134?
121
What is the remainder when 1272 is divided by 17?
14
What is the remainder when 1065 is divided by 1060?
5
Calculate the remainder when 228 is divided by 117.
111
Calculate the remainder when 702 is divided by 15.
12
Calculate the remainder when 229 is divided by 23.
22
Calculate the remainder when 653 is divided by 68.
41
What is the remainder when 2756 is divided by 120?
116
Calculate the remainder when 228 is divided by 52.
20
Calculate the remainder when 229 is divided by 76.
1
What is the remain